{"id":1043,"date":"2011-03-23T06:53:55","date_gmt":"2011-03-23T06:53:55","guid":{"rendered":"http:\/\/www.globonet-blog.ch\/?page_id=2"},"modified":"2021-12-09T10:17:07","modified_gmt":"2021-12-09T09:17:07","slug":"globonet","status":"publish","type":"page","link":"https:\/\/blog.globonet.ch\/globonet-blog-ch\/globonet\/","title":{"rendered":"GLOBONET"},"content":{"rendered":"<p><img loading=\"lazy\" decoding=\"async\" class=\"alignnone\" title=\"GLOBONET GmbH\" src=\"http:\/\/www.globonet.ch\/img\/design\/logo\/suchmaschinenoptimierung_logo.gif\" alt=\"Suchmaschinenoptimierung - GLOBONET\" width=\"251\" height=\"48\" \/><\/p>\n<p>Die GLOBONET GmbH geh\u00f6rt zu den Schweizer Pionieren im Online Marketing.! Mit \u00fcber 3500 realisierten Projekten ist das dynamische Unternehmen aus Wil der f\u00fchrende Experte auf dem Gebiet des Suchmaschinenmarketings (SEM) in der Schweiz.<\/p>\n<p>Spezialisiert ist das \u00fcber 40-k\u00f6pfige Team auf Suchmaschinenoptimierung (SEO), Suchmaschinenwerbung (SEA) f\u00fcr Business-Websites in Suchmaschinen wie Google, Yahoo, Bing, Bluewin, Search &amp; Co. sowie Optimierungen f\u00fcr Social Media und Webservices. Namhafte Kunden, vom KMU bis hin zum Grosskonzernen, vertrauen auf die Dienste des SEM-Spezialisten aus Wil, der mit einem zweiten Standort in Z\u00fcrich noch n\u00e4her bei seinen Kunden ist.<\/p>\n<h2><a title=\"globonet seo\" href=\"http:\/\/www.globonet-seo.ch\/\">GLOBONET<\/a>: <a title=\"Globonet seri\u00f6s\" href=\"http:\/\/www.globonet.ch\/globonet\/serioes.htm\" target=\"_blank\" rel=\"noopener\">seri\u00f6s<\/a>, innovativ und erfolgreich<\/h2>\n<ul>\n<li><strong>SEO<\/strong> &#8211; Langfristige Verbesserung der Positionen bei allen g\u00e4ngigen Suchmaschinen. Steigerung der Konversionsrate.<\/li>\n<li><strong>SEA<\/strong> &#8211; Suchwort-Anzeigen bei den Suchmaschinen generieren kurzfristig mehr qualitative Kontakte.<\/li>\n<li><strong>SMO<\/strong> &#8211; Steigerung der Online-Reputation und Sicherung potenzieller Kunden im Social Web wie Facebook, Twitter, YouTube, Flickr und auf Corporate Blogs.<\/li>\n<li><strong>Webservices &#8211; <\/strong>Das perfekte Zusammenspiel von Webdesign, CMS, E-Commerce und Hosting sorgt f\u00fcr eine optimale Umsetzung von Online-Marketing-Strategien. Erfolg ist programmierbar!<\/li>\n<\/ul>\n<p>Mehr erfahren Sie auf <a href=\"http:\/\/www.globonet.ch\" target=\"_blank\" rel=\"noopener\">www.globonet.ch<\/a><\/p>\n","protected":false},"excerpt":{"rendered":"<p>Die GLOBONET GmbH geh\u00f6rt zu den Schweizer Pionieren im Online Marketing.! Mit \u00fcber 3500 realisierten Projekten ist das dynamische Unternehmen aus Wil der f\u00fchrende Experte auf dem Gebiet des Suchmaschinenmarketings (SEM) in der Schweiz. Spezialisiert ist das \u00fcber 40-k\u00f6pfige Team&#8230; <a class=\"weiterlesen\" href=\"https:\/\/blog.globonet.ch\/globonet-blog-ch\/globonet\/\">weiterlesen<\/a> <\/p>\n","protected":false},"author":1,"featured_media":0,"parent":0,"menu_order":0,"comment_status":"open","ping_status":"open","template":"","meta":{"footnotes":""},"class_list":["post-1043","page","type-page","status-publish","hentry"],"_links":{"self":[{"href":"https:\/\/blog.globonet.ch\/globonet-blog-ch\/wp-json\/wp\/v2\/pages\/1043","targetHints":{"allow":["GET"]}}],"collection":[{"href":"https:\/\/blog.globonet.ch\/globonet-blog-ch\/wp-json\/wp\/v2\/pages"}],"about":[{"href":"https:\/\/blog.globonet.ch\/globonet-blog-ch\/wp-json\/wp\/v2\/types\/page"}],"author":[{"embeddable":true,"href":"https:\/\/blog.globonet.ch\/globonet-blog-ch\/wp-json\/wp\/v2\/users\/1"}],"replies":[{"embeddable":true,"href":"https:\/\/blog.globonet.ch\/globonet-blog-ch\/wp-json\/wp\/v2\/comments?post=1043"}],"version-history":[{"count":9,"href":"https:\/\/blog.globonet.ch\/globonet-blog-ch\/wp-json\/wp\/v2\/pages\/1043\/revisions"}],"predecessor-version":[{"id":2631,"href":"https:\/\/blog.globonet.ch\/globonet-blog-ch\/wp-json\/wp\/v2\/pages\/1043\/revisions\/2631"}],"wp:attachment":[{"href":"https:\/\/blog.globonet.ch\/globonet-blog-ch\/wp-json\/wp\/v2\/media?parent=1043"}],"curies":[{"name":"wp","href":"https:\/\/api.w.org\/{rel}","templated":true}]}}